7*k - 1464. Let s = k - -484. What is the remainder when s is divided by 40?
38
Suppose 7665 - 19103 = -19*d. What is the remainder when d is divided by 115?
27
Let l be 46/14 + 2/(-7). Suppose 2*d - l*j + 3 = 0, -3*d - 5*j + 15 = -8*d. Calculate the remainder when (-615)/(-25) - d/15 is divided by 7.
4
Suppose 5*o - 21 = 2*z - 4*z, z - o = 0. Suppose 201 = 3*x - 3*d, 0 = -z*d - 4 - 11. What is the remainder when x is divided by 26?
10
Let n = -133 - -178. Suppose 51*u - n*u = 126. Calculate the remainder when 125 is divided by u.
20
Suppose 87*j - 713 = 5029. Calculate the remainder when 285 is divided by j.
21
Suppose -2*s + 4*o - 3 = 1, -5*o + 20 = 0. Suppose s*m + 49 = 211. Let b = -8 + 22. Calculate the remainder when m is divided by b.
13
Suppose 4*s - 507 = -9*a, -2*s + 162 = 2*a - 104. What is the remainder when 3170 is divided by s?
134
Let g be -1 - -1 - -1 - -23. Suppose 0 = 2*j + 2*k - 11 + 27, 2*j + 4*k = -g. What is the remainder when 144 is divided by j/(-3 + 1) + 8 + 19?
28
Suppose 962 = a + 2*u, -2*a = -9*u + 7*u - 1912. Calculate the remainder when a is divided by 138.
130
Let h = 20 - 35. Let d = h - -30. What is the remainder when 1/(5/(-2)) - 137/(-5) is divided by d?
12
Let j(h) = 10*h**2 + 259*h + 21. What is the remainder when j(-26) is divided by 7?
5
Let g = 1001 - 902. Suppose g*i + 624 = 111*i. Calculate the remainder when 153 is divided by i.
49
Let x = -72 - -83. What is the remainder when ((-1)/2*-219 + -3)/((-55)/(-550)) is divided by x?
9
Let q(a) be the second derivative of a**4/3 + 19*a**3/6 + 15*a**2/2 + 68*a. What is the remainder when q(-5) is divided by 7?
6
Let v(j) = 145*j**2 - 5*j + 2. Let k be v(2). Suppose 8*d - k = 196. What is the remainder when d is divided by 48?
0
Suppose l - 62*u = -60*u + 246, 4*l - 2*u - 1026 = 0. Calculate the remainder when l is divided by 143.
117
Let q = -1157 - -1925. What is the remainder when q is divided by 58?
14
Suppose -30*s = -28*s + 198. Let d = -98 - s. Suppose 5*p - 1 = 24, -1 = -2*q + p. Calculate the remainder when q is divided by d.
0
Let q(v) = 3432*v - 24014. Let f = 3 - -4. Let y = f + -1. Calculate the remainder when q(7) is divided by y.
4
Suppose 0 = -22*k - 2*s + 2208, -4*k - s + 233 = -171. What is the remainder when 1008 is divided by k?
8
Let i(b) be the second derivative of 35*b**3/2 - 13*b**2 - 120*b. What is the remainder when i(1) is divided by 16?
15
Suppose b - 3*y + 0*y - 87 = 0, -77 = -b + y. Suppose -2*d = -5*r + 341, 3*r = 3*d + b + 138. Let p = -65 + 82. Calculate the remainder when r is divided by p.
16
Suppose -4*g = -2*l + 14 - 2326, 4*g - l = 2320. What is the remainder when g is divided by 224?
134
Let j(c) be the first derivative of 55*c**2/2 - 128*c + 61. Calculate the remainder when j(4) is divided by 34.
24
Let q be (-24696)/15*(-120)/18. What is the remainder when 225 is divided by q/144 + (-1)/(18/4)?
73
Suppose -6*z - 8 = -3*b - 8*z, 2*b = -5*z - 2. Suppose b*l = 2*l + 276. Suppose -l = -3*i - 4*t - 7, i = -t + 42. What is the remainder when i is divided by 9?
1
Suppose -1578*h = -1581*h + 321. Calculate the remainder when 107 is divided by h.
0
Let f = 11 + -26. Let g(z) = 10*z**2 + 2*z + 2. Let v be g(-3). Let b = f + v. Calculate the remainder when b is divided by 18.
17
Suppose 1385 = 50*l - 2565. Calculate the remainder when 17458 is divided by l.
78
Let m = -8997 - -17438. Calculate the remainder when m is divided by 15.
11
Suppose 67*y - 1171 = 10*y + 26. What is the remainder when 14321 is divided by y?
20
Let j(l) = -l**3 - 24*l**2 - 19*l + 84. Let v be j(-24). Suppose 243 = 27*m - v. What is the remainder when 71 is divided by m?
13
Let d = -6461 - -6520. Calculate the remainder when 610 is divided by d.
20
Suppose 47*u - 44*u - 45 = -4*z, 75 = 5*u - 4*z. What is the remainder when 4309 is divided by u?
4
Let y = -86 + 91. Suppose -2*s - 23 = 3*g, 2*s - 41 = y*g + 8. Calculate the remainder when 46 is divided by (18/15)/((-5)/300*g).
6
Suppose 22*r - 5200 = -2*r - 41*r. What is the remainder when 130 is divided by r?
50
Let b = -68 + 83. Let o be 0 + (1188/3)/3. Calculate the remainder when 5/b + 4/6 + o is divided by 34.
31
Let r be -93 - (-1)/((-5)/15). Let t = -33 - r. Suppose -3*i = -5*s + 6*s - 21, -3*i = 3*s - t. What is the remainder when 80 is divided by s?
17
Let a be 2/(-4) - (5 - 6/12). Let l be 11*2 + (-8 - a) + 6. Suppose l = 4*h - 39. Calculate the remainder when h is divided by 10.
6
Suppose -b + z = -11, 10 = 5*z + 30. Suppose -1080 = 2*i - b*i - 3*y, i - 3*y = 216. Calculate the remainder when i is divided by 44.
40
Let l(t) = 505*t + 623. Calculate the remainder when l(26) is divided by 362.
359
Let w = 438 - 432. Suppose -15*t + 2896 = -479. What is the remainder when t is divided by w?
3
Suppose -68 = -g + 13. Suppose -3*t + 405 = g. Suppose 2*l - 5*l = -t. Calculate the remainder when 106 is divided by l.
34
Let f(x) = x**3 - 3*x**2 - 4*x + 7. What is the remainder when f(6) is divided by (-16)/20 + 3/(-2)*3564/(-270)?
15
Let a = -19647 - -19654. Calculate the remainder when 293 is divided by a.
6
Calculate the remainder when 283 is divided by ((-8)/(-1))/(9 + 434/(-49)).
3
Suppose 20*r - 19*r = 8. Suppose 11*v = r*v + 12. What is the remainder when 119 is divided by (-62)/(1*v*4/(-8))?
26
Let w = 1859 + -1833. Calculate the remainder when 775 is divided by w.
21
Let k = 20839 + -20462. What is the remainder when k is divided by 191?
186
Suppose -3*j - 5*f - 87 = 0, -3*j + 5*f - 3*f = 108. Let m(r) = r**3 + 32*r**2 - 108*r - 73. Calculate the remainder when m(j) is divided by 46.
45
Let o(t) = 4*t**2 - t - 41. Let y = -286 - -282. What is the remainder when 74 is divided by o(y)?
20
Let p(q) = -2*q**2 + 20*q - 10. Let m be p(8). Let v be (1 - 3)/((-6)/177). Let s = v - m. What is the remainder when s is divided by 19?
18
Suppose -21*u + 7414 + 4521 = 14*u. What is the remainder when u is divided by 192?
149
Suppose 5*l - 16 + 11 = 0. Let u(s) = -18*s**3 + s**2 - 5*s + 4. Let o be u(l). Let w = o + 86. What is the remainder when w is divided by 18?
14
Let k be (-4 - 4)/(-1 - (-6)/7). Suppose t - k = -2*y, -y = 3*t - 260 + 72. Calculate the remainder when t is divided by 14.
8
Let v(b) = -4*b**3 + 30*b**2 + 219*b - 31. What is the remainder when v(-6) is divided by 34?
21
Suppose 0 = 35*x - 32*x + 4*q - 366, 135 = x - 3*q. What is the remainder when x is divided by (64/10)/((-3)/(-15))?
30
Let b = 43029 + -42977. Suppose 0 = -5*h - f + 36, 0 = 4*h + 2*f - 19 - 5. Calculate the remainder when b is divided by h.
4
Let j(c) = c**3 - 9*c**2 + 6*c - 10. Suppose -25*m + 324 = 11*m. Calculate the remainder when j(m) is divided by 16.
12
Let w(u) = u**3 + 11*u**2 - 13*u - 3. Let m be w(-12). Let n be (-1095)/(-9) - (-3)/m. Calculate the remainder when 1/((-1)/n*-2) is divided by 21.
19
Suppose 58*w = x + 62*w - 6, x = -2*w + 18. What is the remainder when 970 is divided by x?
10
Suppose -54*u + 58*u = 3072. Suppose 9*c + u = 13*c. Calculate the remainder when c is divided by 49.
45
Let n = 4067 + -4002. What is the remainder when 301 is divided by n?
41
Let s = 854 - 858. Calculate the remainder when 284 is divided by (-17 + 0 + 5)*s.
44
Let h = -222 + -395. Let p = h - -631. Calculate the remainder when 131 is divided by p.
5
Let q(g) = 2*g - 26. Let j be q(20). Suppose -u + j = -2*n, 5*u - 4*n + 2 = 78. What is the remainder when 60 is divided by u?
12
Let w(c) = 16*c - 14. Let v be w(-5). What is the remainder when 75 is divided by (v/(-8) + -7)*4?
18
Suppose 0 = -2*g + 4*r + 1710, g + r - 61 = 812. What is the remainder when g is divided by 14?
13
Let p = 53 + 35. Suppose -4*s + 117 = t, 4*t + 192 - 150 = s. What is the remainder when p is divided by s?
28
Let h = 284 - 264. What is the remainder when 164 is divided by -2 - 0 - 23/((-46)/h)?
4
Suppose 42*o - 66 = -3*k + 38*o, -15 = -5*o. Calculate the remainder when 228 is divided by k.
12
Let r(p) = -9*p - 7. Let q(i) = -8*i - 8. Let w(d) = 3*q(d) - 2*r(d). Let y be w(-3). Calculate the remainder when 64 is divided by (3 + y/(-2))*-17.
13
Suppose -7*j + 114 = -2*j - 4*i, j + 2*i = 20. Let s = 87 + -82. Suppose -93 = -3*w + w - 5*y, -s*y = -w + 24. Calculate the remainder when w is divided by j.
17
Let y be (-6 + -129 + -2)/(-1). Suppose 5*u + 3*